 n**2/2 + 2*n + 5. Suppose 10*u - 14*u + 3*c = -3, 4*u + 3*c = -3. Determine j(u).
2
Suppose 30 = -10*x - 0*x. Let d(a) = a**3 + 3*a**2 + 5*a + 1. Let f(k) = -2*k**3 - 7*k**2 - 9*k - 2. Let h(j) = x*f(j) - 5*d(j). Determine h(-5).
16
Let d be (7/((-35)/(-60)))/2. Let a be 6*1*(-2)/d + 7. Let v(h) = -h**3 + 4*h**2 + 5*h + 5. What is v(a)?
5
Let k(y) = 5*y - 4. Suppose -3*n = 5*h + 10, 20 = -23*n + 26*n - h. Calculate k(n).
21
Let p(m) = -2*m - 2. Suppose -6 = -3*d + 36. Let c = -39 - -56. Let a = d - c. Determine p(a).
4
Let p be 5*-1*3/(-5). Suppose 3*c + p = 4*c. Let l(o) = 4*o + 1 - c*o + 3*o - o**2. Give l(3).
4
Let c(w) = 3*w - 2. Suppose 3*s = -3 + 18. Suppose l + 2*l = -u - 12, 20 = -5*u - s*l. Let v = 4 + u. Give c(v).
10
Let n(z) = -z - 61 + 129 - 57. What is n(8)?
3
Let g(o) = -2*o - 4. Suppose -s - 3*r = -12, r = 4*s + 5*r - 40. Let q be 2 - (6/(-2) - -2) - s. Calculate g(q).
8
Let n(v) = -11*v - 1. Suppose 36 = 10*s + 26. What is n(s)?
-12
Let c(n) = n**3 - n - 2. Suppose k - 4*p + 17 = 0, -6*p - 20 = -11*p. Let v be 4*(9/(-6) - k). Give c(v).
-8
Suppose 0*q = -2*m - 3*q + 11, -5*m + 59 = -3*q. Let g be (72/(-45))/((-4)/m). Let v be 2/g*(0 - 0). Let t(r) = r**2 - r - 6. What is t(v)?
-6
Let i(n) = 5 + 1 - 5 - 18 + 2 - n. Calculate i(-9).
-6
Let m = 3 + -3. Let o be m - 1 - (3 - -2). Let z(p) = -4*p - 17. Let q(l) = 2*l + 8. Let b(c) = 5*q(c) + 2*z(c). What is b(o)?
-6
Let a(t) = -66*t**2 + 7 - 63*t**2 + 202*t**2 - t**3 - 67*t**2. Give a(6).
7
Let f(y) = y**3 - 6*y**2 - 2*y - 6. Let d be 65/9 + -5 + (-430)/(-90). Give f(d).
29
Let l be 9/(-2) - (-2)/(-4). Let u(f) be the first derivative of -1/4*f**4 - 3*f + 0*f**2 - 11 - 5/3*f**3. Calculate u(l).
-3
Let h(m) = -22*m + 114. Let w(o) = -9*o + 57. Let s(t) = -3*h(t) + 7*w(t). Give s(-18).
3
Suppose 2*w + 7 = 17. Suppose -8*i + 24 = -w*i. Let v(l) = l**2 - 7*l + 1. Give v(i).
9
Let t(y) = -4*y**2 + 8*y**3 - 2*y**2 - 8*y**3 - 8 + y**3 + y. Suppose -7*s + 10*s = 18. Give t(s).
-2
Let y(x) = x**2 - 5*x + 1. Let o be y(4). Let t be 1*o*(-1)/1. Let q(c) be the first derivative of -3*c**2/2 + 4*c + 1369. What is q(t)?
-5
Let i(m) = -m**3 + m**2 + m. Suppose 3*a + 140 = 13*a. Let o(l) = -2*l - 1. Let g be o(2). Let s be g/2*a/(-35). What is i(s)?
1
Suppose -k = 2*k. Suppose k*q - q = 0. Suppose -25 = 3*r - 4*o + 2*o, q = 4*r - 5*o + 45. Let j(z) = z. What is j(r)?
-5
Suppose 0 = -3*b + 4*w + 14, b + 5*w - 14 = -3. Let g(t) = 1 + 4*t + t**2 - 1 - 9*t + 3. Give g(b).
9
Let y(m) = -4*m**3 - 9*m**2 + 10*m - 5. Let a be (9 + 1)/(-3 - (-3 - 2)). Let v(p) = -7*p**3 - 17*p**2 + 19*p - 9. Let f(i) = a*y(i) - 3*v(i). Give f(-7).
2
Suppose 2*j = 3*j - 4. Suppose j*n + 6 = 26. Let b(r) = 0*r - r**2 + 4*r - n*r - 4 + 0*r. What is b(0)?
-4
Let n(o) = -4*o**2 - 2*o. Let h(s) = -s**2 - s. Let y(r) = -4*r + 5. Let z be y(1). Let k(c) = z*n(c) - 3*h(c). Calculate k(1).
0
Let p(r) = 8*r - 1. Let g(b) = 34*b - 2. Let f(y) = g(y) - 4*p(y). Let o = 1 + -3. Determine f(o).
-2
Let x(q) = 3*q**2 - 7*q + 45. Let z(m) = -m**2 + m - 22. Let g(h) = -x(h) - 2*z(h). Let a(y) = y**3 + 5*y**2 + 6. Let i be a(-5). Calculate g(i).
-7
Suppose -45*v = -33*v + 12. Let q(c) = 3*c**2 + 2*c + 2. Give q(v).
3
Let z(c) = -c - 2. Let p(d) = d**3 + 9*d**2 + 8*d + 2. Let u be p(-8). Let n(v) = 9*v + v - v**u + 4 - 7*v. Let o be n(3). Calculate z(o).
-6
Let s be (-9)/(36/(-8)) - -2. Let j(t) = 26*t - 27*t - t**2 + 4*t**2 - 2*t**2 - s. Calculate j(-4).
16
Let u(j) = 2*j**2 + 62*j - 2. Let c be u(-31). Let a(z) = -2*z + 4 + 3*z - 7 + 4. Give a(c).
-1
Let a(v) = -2*v**3 + v**2 - v + 1. Suppose 0 = 7*w - 3*w - 8. Suppose 0*t = -w*t + 4. Determine a(t).
-13
Let d(z) be the first derivative of 3*z - 7 - z**2 + 10 + 14. Calculate d(5).
-7
Let o(z) = 6*z**3 + 2*z - 1. Let w(b) = 5*b + 1. Let i be w(-5). Let d be (i/(-9))/2 - (-3)/(-9). Determine o(d).
7
Let g be (-3 - -3 - -1) + 1. Let m(d) = 0*d - g*d**2 - 3*d**3 + 7*d - 8*d - 1 + 0. Calculate m(-2).
17
Suppose 3*a - 3*i - 6 = 4*a, -4*i + 30 = -5*a. Let l(q) = -q - 6. Calculate l(a).
0
Let l(p) be the third derivative of -p**4/24 + p**3 - p**2 - 4*p. Give l(4).
2
Let n(c) be the second derivative of c**5/20 - 5*c**4/12 + c**3 - c**2 - 3*c. Suppose 8*p = 3*p. Suppose 2*l - 10 + 2 = p. Calculate n(l).
6
Let a(f) = -13*f + 14. Let u(g) = -6*g + 8. Let k(x) = -3*a(x) + 5*u(x). Determine k(3).
25
Let w be 583/55 - (-6)/(-10). Let p(l) = 4 - l**2 + l + w + 4*l - 20. Give p(6).
-12
Let g(i) = -i**3 - 7 + 11 + 15*i**2 - 12*i - 4*i**2. Determine g(10).
-16
Let y(w) = -w + 40. Let x(f) = -3*f + 48. Let a(k) = 2*x(k) - 3*y(k). Give a(-17).
27
Suppose 5*n - 4*n = 4. Let z(q) = -n + q + 6 - 6 - 2*q. Determine z(-5).
1
Let m(b) be the third derivative of b**7/840 + b**6/180 + b**5/120 + b**4/8 + b**3/6 + 8*b**2. Let d(v) be the first derivative of m(v). Determine d(-3).
-9
Let g(b) = b**3 - 9*b**2 + 11*b - 5. Let o(d) = 8*d**2 + 8*d - 9. Let v be o(1). Determine g(v).
-26
Let o be (-11)/((-110)/12)*(-20)/(-8). Suppose 0 = -4*b - 33 - o. Let q(i) = -i - 2. Calculate q(b).
7
Let w(o) = -2 - 101*o**2 + 97*o**2 + o**3 + 5*o - o. Give w(2).
-2
Let n(u) = -u**2 + 8. Let t(l) = -16 + 3*l**2 - 56*l + 56*l - 7. Let g(b) = 17*n(b) + 6*t(b). Determine g(2).
2
Let h(k) = k**3 + 6*k**2 - 3*k - 7. Let n(d) = 22*d + 148. Let w be n(-7). Calculate h(w).
11
Suppose 85*g - 392 = 36*g. Let b(u) = -u**3 + 8*u**2 - 2. What is b(g)?
-2
Suppose 6*y - 28 = -2*b + y, -y = -b. Suppose -2*l - 4*a = -10, 4*l - 1 - b = -3*a. Let q(t) = 10*t**2 + 2*t + 1. Determine q(l).
9
Let d = 48 - 48. Let g(x) = x**3 - x + 7. Determine g(d).
7
Let d(o) = o**2 + 2*o - 3. Let u(p) = -p**3 + 27*p**2 + 57*p + 29. Let w be u(29). Calculate d(w).
-3
Let w(i) be the first derivative of -5/3*i**3 + i - 2*i**2 + 26 - 1/4*i**4. What is w(-4)?
1
Suppose -5*f + f = 0. Let v(r) = r + f*r**3 + 6*r**3 - r**3 - r**2 - 4*r**3 - 3. Calculate v(0).
-3
Let y(g) = -60*g**2 + 53*g - 12. Let p(r) = -19*r**2 + 17*r - 4. Let w(u) = 19*p(u) - 6*y(u). Let f be (-45)/3*2/(-5). Give w(f).
-10
Let m(v) be the second derivative of v**3/6 - v**2 - 19*v. Let c = 49 + -32. Let j = c + -17. Determine m(j).
-2
Let r(s) = 0*s**2 - s + 0*s + 4*s - s**2 + 4. Suppose -5*g = 27*w - 24*w - 11, -4*g = w - 13. Calculate r(g).
0
Let h(g) = g**3 - g**2 + g - 1. Let v(p) = p**3 - 8*p**2 + 10*p + 3. Let i = -26 - -25. Let t(q) = i*v(q) + 2*h(q). Calculate t(-7).
2
Let f(b) = -5*b**2 - b. Let j(z) be the third derivative of z**6/120 + z**5/20 + z**4/6 + z**3/2 - 41*z**2. Let y be j(-2). Calculate f(y).
-4
Let f(c) = 7*c**2 - 10*c - 13. Let p(m) = 5*m**2 - 11*m - 12. Let n(x) = 4*f(x) - 5*p(x). What is n(-4)?
-4
Let l(r) = -r**2 - 24*r + 1. Let u be 51/(-2) - (-21)/14. Determine l(u).
1
Let i = 7 + -13. Let h be ((-27)/i)/(6/(-8)). Let m(s) = -2*s - 7. Determine m(h).
5
Suppose 0 = 3*t - c - 41, 13 = -t - 2*c - 3*c. Let i(v) = t + 0*v - v**2 + v - 7. Suppose 6*w = 9*w. Give i(w).
5
Let o = 5 + -8. Let g(w) be the third derivative of 1/12*w**4 + 2/3*w**3 + 0 + 8*w**2 + 0*w. What is g(o)?
-2
Let b(o) = -5*o**2 + 7 + 26 + 3 + 4*o**2 - 3*o. Give b(-7).
8
Let m(j) = -3*j + 3. Let f(d) = -10 - 6*d + 13*d + 2*d + d. Let q(s) = 4*f(s) + 14*m(s). Give q(2).
-2
Let z(v) = 3*v - 8 - 53*v**2 + v**3 - 4*v + 52*v**2. Let t be z(0). Let d(j) = -j**2 - 8*j + 6. Give d(t).
6
Let m(p) = -p + 11. Let q(w) = w**2 + 9*w - 6. Let y be q(-11). Let f = 29 - y. Determine m(f).
-2
Let t(o) = -2*o + 23. Let r(v) = -15*v + 641. Let f be r(42). Calculate t(f).
1
Let z(g) be the third derivative of g**4/24 - 5*g**3/6 + 10*g**2 + 8. Give z(6).
1
Let k = -102 - -99. Let q be (0 + -1)/(k/27*-3). Let u(v) = -3*v + 3. Calculate u(q).
12
Let o(d) be the second derivative of d**3/6 + 3*d**2/2 + 245*d. Determine o(-8).
-5
Suppose 3*p = -0*p. Suppose -5*x - 2*v - 7 = 0, p = -2*x - 2*v + 5*v + 1. Let h(g) = -2*g**2 + 2*g + 1. Give h(x).
-3
Let c = 5 + 1. Let p(y) be the first derivative of y**3/3 - 3*y**2 - 8*y + 62. Determine p(c).
-8
Let o(z) = -28*z**2 + 17*z**2 - 4*z**2 - z**3 + 4*z + 9*z**2 - 2*z. Calculate o(-6).
-12
Let u(y) = 3*y**3 - 20*y**2 + 6*y - 11. Let r(k) = -2*k**3 + 11*k**2 - 3*k + 5. Let j(i) = -5*r(i) - 3*u(i). Determine j(-6).
-10
Let m(q) = -6*q + 11. Let u(c) = 2*c - 4. Suppose 4*v = -4*i, -3*v - 29 - 3 = -5*i. L